nd c.
7
Let d = -335 + 387. What is the greatest common factor of 312 and d?
52
Let v = -68 + 68. Suppose v = 3*f + 2*n - 388, 3*f - n + 5*n - 386 = 0. Calculate the highest common divisor of f and 10.
10
Suppose 0 = 141*n - 118*n - 506. Suppose 4*o + 3*m = 698, -3*o + 522 = -0*o + 3*m. Calculate the highest common factor of n and o.
22
Suppose -l + 3 = -4. Let r = -142 + 149. What is the highest common factor of l and r?
7
Let c = 123 - 21. Let k = c - 95. Calculate the highest common divisor of 7 and k.
7
Let q be 22772/68 - 2 - (-32)/272. What is the greatest common divisor of 9 and q?
9
Suppose 407*d - 880 = 402*d. What is the highest common factor of d and 112?
16
Suppose -9*m + 3*m = 24, 0 = 4*g + 2*m - 1048. Calculate the highest common factor of 308 and g.
44
Let d = 1 - -3. Let u(x) = -x - 4. Let v be u(-5). What is the highest common divisor of v and d?
1
Let g be 14/42 + 3/(36/6524). Calculate the highest common factor of 128 and g.
32
Let n = -9 + 20. Let c be (-3)/((-3)/n*1). Suppose 0 = m - 6 - 27. What is the highest common divisor of m and c?
11
Suppose 120*d - 99*d - 798 = 0. Suppose -3*f = -5*a + 460, 2*f + 485 = 5*a + 4*f. What is the highest common factor of a and d?
19
Let j be (301/(-28))/(1/(-24)*2). What is the greatest common factor of 86 and j?
43
Suppose -3*w + 3*v = -39, -3*w + 45 = -10*v + 5*v. Let t be ((-24)/(-5))/((-6)/(-100)). What is the greatest common divisor of t and w?
10
Let s be ((-2)/5)/(2/10). Let t be (56 - s)/(6 - 4). Calculate the greatest common factor of t and 203.
29
Let m = 7 + -3. Suppose 6*c - 204 = 10*c. Let j = 87 + c. What is the greatest common divisor of m and j?
4
Let j be (-12)/(-9)*(-90)/(-4). Let h be 88/14 + ((-750)/(-70) - 11). Suppose -u - j = -h*u. What is the greatest common divisor of u and 48?
6
Let y(i) = 16*i + 2. Let k be y(6). Suppose -105*n = -86*n - 266. What is the greatest common divisor of n and k?
14
Let w = 21 + -21. Suppose -384 = -w*k - 3*k. Let c be 12/28 - 109/(-7). Calculate the greatest common factor of k and c.
16
Let v = 43 - 25. Let t be 4/v - (-1424)/72. Suppose -4*r = u - t, -2*r + 4*r - 5*u = -12. What is the highest common divisor of 32 and r?
4
Let q be (-4)/18 + 61650/405. Calculate the greatest common factor of q and 114.
38
Suppose x - 3*x = -6. Suppose 4*t - x*t - 11 = 0. Suppose 9*i - 5*i - 24 = -5*b, 4 = -b. What is the highest common factor of t and i?
11
Let m be (6 + 0)/(9/(-252)*-21). What is the greatest common factor of m and 848?
8
Suppose -4*n + 624 = 4*v, 15*n = 18*n - 4*v - 503. What is the greatest common divisor of 7 and n?
7
Let x(g) = -g**3 + 8*g**2 - 6*g - 9. Let v be x(6). Let m = v + 61. Calculate the highest common divisor of m and 11.
11
Let n be (0*(-3)/(-12))/(-2). Suppose n = 29*u - 25*u - 20. What is the highest common divisor of 5 and u?
5
Let y = 2662 - 2646. Let c(l) be the third derivative of l**6/120 + l**5/12 + l**3/3 + 2*l**2. Let s be c(-5). What is the greatest common factor of s and y?
2
Suppose 3*v - 4 = -1, 3 = c + v. Let y be -7*(45/(-5) - c). Calculate the highest common factor of y and 7.
7
Suppose -5*n + 79 = -3*b, -2*n = n + b - 53. Let y = n - -3. Calculate the highest common factor of 180 and y.
20
Suppose -5*b = 23 + 2, m - 12 = 4*b. Let i be (-27 + (2 - 1))*-1. Let y = i + m. What is the greatest common factor of y and 27?
9
Let y = 83 + -15. What is the highest common factor of y and 17?
17
Let b = -86 + 116. Calculate the highest common factor of b and 75.
15
Let c(d) = -38*d - 149. Let u be c(-17). What is the highest common factor of 142 and u?
71
Suppose -2*h + 57 = -17. Calculate the greatest common divisor of h and 259.
37
Let s(w) = 2*w**2 + 2*w + 3. Let q be s(-2). Suppose -p - 12 = q. Let m = 33 + p. Calculate the greatest common factor of 112 and m.
14
Let i(q) = q**2 - 7*q - 26. Let u be i(8). Let v(n) = n**3 + 19*n**2 + 20*n + 44. Let a be v(u). Calculate the highest common divisor of a and 8.
8
Let k(l) = -l**2 - 17*l - 18. Let c be k(-11). Let s = c + -31. What is the highest common factor of s and 68?
17
Let x(r) = -2*r - 2. Let q(k) = 5*k + 5. Let w(o) = 6*q(o) + 14*x(o). Let c be w(7). Let p = 2684 + -2556. What is the greatest common divisor of c and p?
16
Let s be 732 - ((-17)/(-34))/((-1)/6). Calculate the greatest common divisor of 42 and s.
21
Suppose -187 = -5*o + 98. Let x = o + -45. What is the greatest common divisor of x and 108?
12
Suppose 5*o + 2*w - 1116 = 0, -4*o - w + 446 = -2*o. What is the highest common factor of o and 28?
28
Suppose 0 = 4*w - 309 + 21. Let r = w + -9. Calculate the highest common divisor of 18 and r.
9
Suppose 5 = -3*w + 41. Suppose -w = -2*q + 42. What is the greatest common factor of 9 and q?
9
Let p(v) = -v**3 - 13*v**2 - 11*v + 10. Let g be p(-12). Let k be (g/4)/(10/(-20)). What is the greatest common divisor of 11 and k?
1
Suppose -310*j + 296*j = -4998. Calculate the highest common factor of 21 and j.
21
Let m = 6 + -3. Let z be 12 - 16/2 - (0 + 1). What is the greatest common divisor of m and z?
3
Let y be (-2)/(-3) + 68/6. Let x be 30/(-24) - (-808)/32. Calculate the greatest common divisor of y and x.
12
Let s = 25 - 7. Suppose -9*x + 12*x - 30 = 0. Let k be ((-4)/x)/(4/(-1440)). Calculate the highest common divisor of k and s.
18
Let x(c) be the third derivative of 5*c**4/24 + 8*c**3/3 + 12*c**2 - 2*c. Let q be x(15). Calculate the highest common divisor of q and 13.
13
Suppose -5*m = 3*p - 87, 25*m - 24*m + p - 17 = 0. Calculate the highest common divisor of 117 and m.
9
Suppose -2*t + 0*s - 24 = -4*s, 5*t + 8 = -3*s. Let k(i) = -22*i - 14. Let r be k(t). Calculate the highest common factor of 185 and r.
37
Let d = 124 - 69. Let z = d - 39. What is the highest common divisor of 64 and z?
16
Let d = 3 - 6. Let j be (-4)/d + 7888/24. What is the highest common factor of j and 30?
30
Suppose -45*p + 50*p - 100 = 0. Calculate the highest common divisor of 140 and p.
20
Suppose 51*y = 36*y + 5700. Calculate the highest common factor of y and 38.
38
Suppose w = -2*u + 6, -u = -5*w + 28 - 31. Calculate the greatest common factor of u and 15.
3
Let o(t) = -t**2 - 4*t + 4. Let k be o(-4). Suppose 6 = 2*x, i + 2*x = k*x - 27. Let b = -11 - i. Calculate the highest common factor of 90 and b.
10
Let v(x) = -x**3 + 2*x**3 + 4*x**2 + x**2 - x - 2*x - 4. Let c be v(2). Calculate the greatest common divisor of 54 and c.
18
Suppose 4*a + 2 = -5*n - 4, -2*n - 4*a - 12 = 0. Suppose 2*l - 1 = -z, 12 = -n*z - 2*z. Let c = l - 1. Calculate the greatest common divisor of 11 and c.
1
Let x be 11 - 7/(49/(-14462)). What is the highest common factor of 31 and x?
31
Let q be ((-6)/(-15))/(3/(-90)). Let s be 8/q - (-7)/((-21)/(-62)). Calculate the greatest common factor of s and 160.
20
Suppose -56*t = -52*t - 348. Let a = t - 43. What is the greatest common factor of a and 11?
11
Let f be 56*((-1)/2)/(-1). Suppose -960 + 1901 + 1099 = 102*g. What is the highest common divisor of g and f?
4
Let d be 282*(-1)/(-20) + 1/(-10). Let p = 14 + -7. What is the greatest common divisor of d and p?
7
Suppose 0 = 5*z + 5 + 45. Let d be (12/10)/(z/(-150)). Calculate the greatest common divisor of d and 2.
2
Let h(o) = 3 + 11*o + 5*o + 13*o - 30*o. Let j be h(1). Calculate the greatest common factor of j and 22.
2
Let b(m) = 5*m**2 + 4*m - 45. Let v be b(-4). Let u be (1 + -2)/(2/(-114)). What is the greatest common divisor of u and v?
19
Let w be 7 + 1278 - 25/10*2. Calculate the greatest common factor of w and 10.
10
Let d = -23 - -28. Suppose 225 = -0*o + d*o. Let n be -9*(20/(-6) - -3) + 2. What is the greatest common factor of o and n?
5
Suppose 0 = o + 4*k + 289, -5*k + 1181 = -4*o + 109. Let v = 175 + o. Let c = -63 - v. Calculate the highest common factor of c and 5.
5
Let a(m) = -87*m**2 + m. Let w be a(2). Let p be 12/30 + w/(-10). Let i be 5/1*4/4. Calculate the greatest common divisor of i and p.
5
Let o(g) = -g**3 - 4*g**2 + 3*g + 7. Let a be o(-4). Let v be a/2 - 126/(-12). What is the greatest common divisor of v and 24?
8
Let f be ((-24)/20)/(-5 - 2584/(-520)). What is the highest common divisor of 42 and f?
3
Let z be 564/15 - 6/(-15). Let c(o) = -o + 3. Let w be c(-6). Let g be (-1336)/(-14) + w/(-21). Calculate the greatest common factor of z and g.
19
Let